*h + 119 - 189. Give q(-25).
10
Suppose -5*x = 2*u - 20, -5 = 2*x + 4*u - 29. Let q(d) = -5*d + 10. Let f(g) = 2*g - 3. Let y(n) = -4*f(n) - q(n). Calculate y(x).
-4
Let u(n) = n**3 + 8*n**2 + 7*n + 8. Suppose -5*p - 631 = 8*g - 4*g, 4*p = 4*g + 640. Let r = -166 - g. Determine u(r).
8
Let n = -6015 - -6032. Let b(s) be the third derivative of -1/6*s**3 + n*s**2 + 0*s + 0 + 5/12*s**4. Calculate b(1).
9
Let z(p) = -4*p**2 + 8*p - 12. Let f(y) = -3*y**2 + 7*y - 11. Let l(a) = -3*f(a) + 2*z(a). Let g = 9 + -3. Give l(g).
15
Let o(w) = 39 + 44 - 133 - 43*w + 44. What is o(-2)?
80
Let d(x) be the second derivative of -2*x**3/3 - x**2/2 + 10323*x. Suppose -5*u = -3*n + 2*n - 13, -5*u + 11 = -2*n. Give d(n).
-9
Suppose 78*x - 42 = 71*x. Suppose 2*n + 13 = -5*h + x*n, -3*n = 5*h - 1. Let s(o) = 10*o**3 - 2*o**2 - 2*o - 1. Determine s(h).
-11
Let h(i) be the first derivative of -4/3*i**3 + i**2 - 25 + i. What is h(-1)?
-5
Let b(r) be the third derivative of 8 - 1/60*r**5 + 1/4*r**4 + 17/6*r**3 + 5*r**2 + 0*r. Calculate b(8).
1
Let w(t) = 5967 - 2979 - 2966 + 2*t + 10*t + 2*t**2. Determine w(-9).
76
Let z(v) = -7*v**2 + 23*v + 12. Let l(a) = -4*a**2 + 12*a + 6. Let n(d) = 5*l(d) - 3*z(d). Let o be 12815/1864 + (7 + -3)/32. Give n(o).
-20
Suppose 3*k + 3*i = -27, -10 + 0 = 2*k - 2*i. Let z(c) = -c**2 - 4*c + 122. Let d be z(9). Let j(b) = -2*b - d*b - 740*b**2 + 6 + 739*b**2. Determine j(k).
6
Let g(w) = 14*w + 443. Let o(m) = 21*m + 686. Let z(j) = 8*g(j) - 5*o(j). Give z(-16).
2
Suppose -14 + 39 = 5*z. Suppose -9*l = -z*l. Let r(s) = -4*s**2 + 10*s + 9 + l*s**2 + 3*s**2 + 2*s**2. Calculate r(-7).
-12
Let g(i) = -i**2 - 7*i - 1. Suppose 7 = -13*p + 33. Suppose p*n + 3 + 9 = 0. Calculate g(n).
5
Let q(d) = -7*d**2 + 92*d - 150. Let y(j) = 6*j**2 - 81*j + 142. Let h(i) = 5*q(i) + 6*y(i). What is h(19)?
-31
Let t(a) = a - a + a - 3. Let w(p) = -42*p - 2. Let i be w(-9). Let r = 376 - i. Determine t(r).
-3
Let s(b) = -37*b + 5. Let u be s(0). Let y(r) = -r**3 + 3*r**2 + 12*r - 10. Calculate y(u).
0
Let q(m) be the first derivative of -2*m**3/3 + 11*m**2 - 40*m + 1011. Calculate q(8).
8
Let v(b) = 2*b**2 - 10*b + 14. Let n(r) = r**3 + 8*r**2 - 181*r + 15. Let a be n(10). Calculate v(a).
14
Let z(j) = j**3 - 3*j**2 - 19*j + 10. Let k be z(6). Suppose 0 = -k*n + w - 0 + 8, -3*w - 3 = -5*n. Let d(m) = -2*m + 2. What is d(n)?
-4
Suppose -124*q - 357 = 883. Let w(g) = -7*g - 51. Give w(q).
19
Let g(p) = -1 + 5*p - p**2 - 2 - 2*p. Suppose 5*s + 14*h = 19*h, 4*s - 5*h + 4 = 0. Suppose -2*m + m + 2*q - s = 0, 2*q = -5*m + 16. What is g(m)?
-1
Let l be (1764/(-3969))/(4/(-63)). Let j(s) = 18*s - 127. Give j(l).
-1
Let b(z) be the first derivative of -z**3 - 3*z**2/2 + 1. Let u(w) = w**3 + 2*w**2 + 26*w - 84. Let p be u(7). Let g be 4/(-22) - 980/p. Determine b(g).
-6
Let c(x) = x**3 + 6*x**2 + 4*x. Let s(q) = -q**2 + 7*q + 684. Let j be s(30). Give c(j).
-24
Suppose 0 = 2*g + 4*u + 16, 531*g = 532*g + 7*u + 13. Let v(n) = -1 - 4 + 3*n + 7*n**2 + n**3 - 1. What is v(g)?
12
Suppose -2*b - 26 = -5*l - b, 0 = -4*b - 4. Let z(o) = -1 + 3 - l*o - 4. Suppose -18 = -137*p + 143*p. Give z(p).
13
Let u(y) = 17*y + 2. Let f(s) = 2*s**2 + 3*s - 89. Let o be f(6). Suppose 6*h - o = 5*h. Give u(h).
19
Let v(t) = 5*t - 2. Let g be 48/20 + (-3990)/350. Calculate v(g).
-47
Let u(k) = -1875*k - 2*k**2 - 1 + 860*k + 1028*k. Give u(12).
-133
Let z(d) = 26*d**2 + 95*d - 69. Let m(a) = 16*a**2 + 63*a - 47. Let u(j) = -8*m(j) + 5*z(j). Determine u(13).
-8
Let v(p) = -17*p**2 - 56. Let r(l) = 22*l**2 + 72. Let z(x) = 7*r(x) + 9*v(x). Suppose -2 = -t + 3*t, 0 = -4*m - 2*t + 2. Determine z(m).
1
Let h = -126 + 117. Let c be h*((-35)/(-21))/(-5). Let x(y) = 4*y - 4. Calculate x(c).
8
Suppose 18*s - 200 = 6*s - 68. Let r(u) = u**2 - 8*u - 38. Calculate r(s).
-5
Let w(l) = l**3 + 2*l**2 + l - 7. Let q(j) = -j**2 - 277*j - 3680. Let v be q(-14). Calculate w(v).
11
Let g = -856 - -897. Let k = 33 - g. Let j(v) = -v**3 - 9*v**2 - 5*v. Calculate j(k).
-24
Let m = 109 - 66. Suppose -2*k - m = 3*u, 0 = -4*u + 5*k + 3 - 22. Let p(g) = g. Give p(u).
-11
Let c(i) be the first derivative of i**6/360 + 3*i**5/40 - i**4/24 + 34*i**3/3 - 2*i + 110. Let s(y) be the third derivative of c(y). Calculate s(-10).
9
Let z(n) = 2*n - 4 - 4*n + 5*n. Suppose -f = -55*f - 270. Give z(f).
-19
Let j(f) = f**3 - 2*f**2 + 4*f - 1. Let a(t) = -t**2 + 7*t + 7. Let z be a(7). Suppose -5*y - z + 22 = 0. What is j(y)?
20
Let x(u) = -16*u**2 + 36*u + 11. Let n(w) = 18*w**2 - 40*w - 12. Let z(j) = 9*n(j) + 10*x(j). Determine z(-3).
20
Let w(i) be the third derivative of i**4/12 + 7*i**3/6 + i**2. Let b be 41/(451/22) + (1 - -1). Suppose 4*h + 26 = 3*c - b*c, -4*h + 5*c - 14 = 0. Give w(h).
-5
Suppose -136 = -36*p - 32*p. Let x(o) = o**2 - 2*o - 1. Let q(y) = -4*y**2 + 26*y - 9. Let i(c) = p*x(c) + q(c). Determine i(10).
9
Let o(d) = -1154*d + 3 + 1155*d - 3. Suppose -27*u + 26 = -14*u. What is o(u)?
2
Let n be 4/(((-1)/(-2))/((-1)/2)). Let j be 1 + n/(8/(-14)). Suppose -7 = -j*q + 9. Let x(s) = -s**2 - 2*s + 3. Give x(q).
-5
Let o(q) = 7*q**3 + 2*q**2 - 1. Let l(w) = 5*w**2 - 28*w + 14. Let z = -513 + 518. Let a be l(z). Give o(a).
-6
Let r(m) = -510*m + 9*m**2 + 2 + 251*m + 0*m**2 + 261*m - 10*m**2. Calculate r(8).
-46
Suppose -39 = -12*a + 213. Let z(g) = 48*g**2 + 9 - 28*g**2 + 6*g - a*g**2. Calculate z(8).
-7
Let m be (-1)/(2/(30/3)). Let d = -8 - m. Let p(y) = y**2 + 11*y**2 - 7*y**2 - 2*y - y**2 - 5*y**2. Calculate p(d).
-3
Let z(a) = -3*a**2 + 4*a - 10. Suppose 227*d = -215*d + 423*d + 133. What is z(d)?
-129
Let c = -84 + 90. Let y(b) = -2 + 5 + 17*b + 13 - c*b. Let w be y(-2). Let x(a) = -a**3 - 7*a**2 - 6*a - 9. What is x(w)?
-9
Let c = 24 - 24. Let b(k) = k - k**3 - 15 - 14*k**2 + 4 + 0*k + 15*k**2. What is b(c)?
-11
Let i(b) = 6*b**2 + b + 18. Let z(p) = -7*p**2 - 18. Let w(a) = 8*i(a) + 7*z(a). Determine w(9).
9
Let y(l) = 7*l + 23. Let o(c) = -8*c - 173 - 183 + 331. Let v(k) = -5*o(k) - 6*y(k). Calculate v(-8).
3
Let z(w) = -w**2 + 3*w + 3. Let l be z(3). Let f(s) = s + 6. Let x be f(l). Let h(r) = 15*r**2 - 5*r**2 - 1 - 6*r**2 - 3*r - r**3 - x*r**2. Calculate h(-3).
-10
Let h(u) = -u**3 - u**2 + 13*u. Let y(s) = -s - 1. Let z(p) = h(p) + 2*y(p). Let i be z(-4). Let k = i + -5. Let d(g) = g**3 + 3*g**2 + g - 2. Calculate d(k).
-5
Let o(p) = p**3 - 2*p**2 - 18*p + 14. Let y be o(5). Let f(v) = -12*v**2 + 22*v + 23. Calculate f(y).
-11
Let j(q) = -q**2 + 15*q + 6. Let y be j(15). Let c(a) = y*a**3 - 27*a**2 - a - a - 7*a**3 + 31*a**2. Calculate c(3).
3
Let h be (-3 + -2)*(8 + -117). Let c(t) = -6 + h*t - 1121*t + 561*t - 17*t**2 + 18 + 0*t**3 - t**3. Calculate c(-16).
-4
Let p = -143874 - -143874. Let z(c) be the third derivative of c**6/120 - c**5/60 - c**4/24 + 11*c**3/6 + c**2. What is z(p)?
11
Let i(t) = -t**2 - t. Let f(b) be the first derivative of 6*b + 5/3*b**3 + 6*b**2 - 25. Let r(s) = f(s) + 4*i(s). Give r(-6).
-6
Let l(d) = 3*d + 17. Suppose -39*q + 38 = 2*f - 38*q, 5*q + 34 = 4*f. Determine l(f).
65
Let v(g) be the third derivative of g**5/24 + 7*g**4/24 + 46*g**3/3 - 170*g**2 + 1. Let c(a) be the first derivative of v(a). Determine c(-7).
-28
Let b(g) be the third derivative of g**8/6720 - g**7/1260 - g**5/30 - 17*g**4/6 - 31*g**2. Let t(j) be the second derivative of b(j). Calculate t(3).
5
Let h(x) = -7*x**2 - 12*x + 2. Let v(w) = -8*w**2 - 12*w + 3. Let b(s) = -7*h(s) + 6*v(s). Let u = -12707 + 12696. Determine b(u).
-7
Let l(p) be the second derivative of 17*p + 0*p**2 - 1/40*p**5 - 1/24*p**4 + 0 + 11/6*p**3. Let x(b) be the second derivative of l(b). Give x(4).
-13
Let q(z) = -35 + 231*z + 235*z + 233*z - 690*z. Determine q(13).
82
Suppose -2*k - 4 = -3*k - 3. Let l(n) = 70*n**3 - n**2 + n. Determine l(k).
70
Suppose -r - 1 = 4*u, -u + 3*u = -4*r + 52. Let l(y) = -13 + 47*y - 204*y + 60*y + 46*y + 52*y. Determine l(r).
2
Let z(x) = -2*x**3 + 0 + 0*x**3 + 6 - 567*x + 3*x**3 + 571*x + 6*x**2. Determine z(-5).
11
Let g = 31 + -25. Let i(d) = -d**3 + 11*d**2 - 9*d. Let z(p) = -3*p**3 + 32*p**2 - 26*p - 1. Let m(h) = 11*i(h) - 4*z(h). Calculate m(g).
-2
Let s = -1544 - -1562. Let j(f) = -4*f + 74. Determine j(s).
2
Let k(w) = -18 + 52575*w + 58 - 52*w**2 - 52564*w + 51*w**2. What is k(15)?
-20
Let h(